Let a be t - -41 - 1/r. What is the highest common divisor of 95 and a?
19
Let s be (-78)/(-12) - 1/2. Let i be (-8)/s*6/(-4). Let h(x) = 54*x + 4. Let v be h(i). What is the highest common factor of v and 14?
14
Let y = -9 - 7. Let q = 2 - y. What is the greatest common divisor of 6 and q?
6
Suppose 152 - 252 = -4*o. Calculate the greatest common factor of o and 100.
25
Let s be (-1 + 2)*1*8. Let r = -5 + s. Suppose u + 5*q - 7 = 0, 0*u + 8 = r*u + 2*q. What is the highest common factor of 3 and u?
1
Suppose -36*k = -20*k - 816. What is the highest common factor of 34 and k?
17
Suppose -5*c + 3*h + 275 = 98, -4*h = 5*c - 184. Suppose 0 = -4*t + t. Suppose 2*f + 26 - 50 = t. What is the greatest common factor of f and c?
12
Suppose 2*n = 6*n - 4. Suppose -s + n = -4*c - 29, 4*s - c - 60 = 0. What is the greatest common divisor of s and 35?
7
Suppose -l - l = 5*a - 44, 2*a + 66 = 3*l. What is the highest common divisor of l and 583?
11
Suppose -2 - 3 = -5*s + n, 0 = 3*s - n - 1. Suppose 6*p - 10*p = -3*f - 87, p + 5*f + 7 = 0. Calculate the greatest common factor of s and p.
2
Let v(t) = -81*t - 11. Let x be v(-3). Calculate the greatest common divisor of 24 and x.
8
Let t be 3*(-2)/(-1 + -1). Let l(p) = p**3 + 5*p**2 + 6*p + 2. Let i be l(-2). Calculate the greatest common divisor of t and i.
1
Suppose 2*j + 192 - 688 = 0. Calculate the highest common divisor of 24 and j.
8
Let l(c) = c + 16. Let j be l(0). Suppose 2*m = m + 4. Suppose 493 - 173 = m*t. What is the greatest common factor of t and j?
16
Suppose 5*o - 27 = -t + 3*o, 69 = 4*t - 5*o. Let b be (-1)/7 - (-150)/t. Suppose 0 = c - 80 + 3. What is the greatest common factor of c and b?
7
Suppose 2*z - 13 = -5, -o - 3*z = -852. What is the greatest common divisor of 315 and o?
105
Let y = -160 + 205. What is the highest common divisor of 315 and y?
45
Let n be 20*((-9)/(-4) + 0). Let h(t) = 75*t - 441. Let q be h(6). Calculate the highest common divisor of n and q.
9
Suppose 0 = 8*f - 2843 - 621. Suppose 3*t - f = 95. Calculate the greatest common divisor of t and 16.
16
Let p = 1493 - 1401. Calculate the highest common factor of 8 and p.
4
Let w = 133 - 109. Calculate the highest common divisor of w and 132.
12
Let n(g) be the first derivative of g**3/3 - 3*g**2 - 2*g - 6. Let a be n(8). Calculate the highest common divisor of 42 and a.
14
Let l(z) = -z**2 - 20*z + 43. Let x be l(-20). Calculate the greatest common factor of 473 and x.
43
Suppose 37*u = 14343 - 1245. Calculate the highest common factor of u and 826.
118
Suppose -9 = s - 2*j, -14 = -3*s - s - 2*j. Let a = 59 + s. Suppose -a = -6*l + l. What is the greatest common factor of l and 18?
6
Let h(z) = z**3 + 33*z**2 - 35*z - 26. Let i be h(-34). Let o(x) = 4*x - 1 + 3*x - 2. Let s be o(5). Calculate the greatest common factor of s and i.
8
Let w be 2/12 - (-1463)/42. Let a = 334 - 229. Calculate the greatest common divisor of w and a.
35
Let g be (2*3)/(26/195). Calculate the highest common divisor of g and 375.
15
Let v(b) = 39*b**3 - 3*b**2 - 57*b + 120. Let o be v(2). What is the greatest common factor of o and 136?
34
Suppose 4*b = x - 23, -2*x - 29 = 4*b - 5*x. Let m = 10 + b. Suppose 3*u = m*q - 51, 3*q - u - 30 = u. Calculate the highest common factor of q and 24.
12
Let b = -665 + 764. Calculate the highest common divisor of b and 154.
11
Let t be (-60)/(-10)*((-2)/(-3) + 0). Suppose -3*h + 2*j + 23 = 0, -3*h - t*j + 75 = 2*h. What is the greatest common factor of h and 11?
11
Let z = -219 + 336. Suppose 1164*b - 1160*b = 52. Calculate the highest common factor of z and b.
13
Suppose -4 = -2*h - 5*b, 0 = 4*h - 0*h - 5*b - 8. Suppose -2*a + 5*a - h*z = 431, -5*a + 713 = 2*z. What is the highest common divisor of 13 and a?
13
Let g(y) = -5 - 3*y - 5*y - 23*y. Let k be g(-4). Let x = 8720 + -8703. Calculate the greatest common factor of k and x.
17
Let b be (-1)/(-3) - 862/(-6). Let v be (0 - -1) + -3*(-149)/3. Let y be (-2)/3 - v/(-9). Calculate the greatest common divisor of y and b.
16
Let a be 81 - 1 - -1*1. Suppose 0 = -x + 2 - 3. Let u = x + 10. What is the greatest common divisor of a and u?
9
Suppose -5*j + 4*t = -5, -j + 3*t - 25 = -3*j. Suppose -j*i + 86 = 41. Suppose 2*o - o = 1. What is the highest common factor of i and o?
1
Suppose 114 = 3*t - 96. Suppose 6*v + 6*v = -v + 182. Calculate the highest common factor of t and v.
14
Let t(v) = 5*v + 15. Let a be t(-5). Let p be (-4)/a - (-238)/(-70). Let l be (12/(-7))/(p/63). Calculate the highest common divisor of l and 54.
18
Suppose 66*o = 64*o + 22. Calculate the highest common factor of 704 and o.
11
Suppose -3020 = -4*f + 3*r, -2 = r + 2. Suppose f = 8*k - 8. What is the highest common divisor of 38 and k?
19
Let n = -7 + 35. Suppose -4*a = -2*x + 2, -2*a - 11 = 5*x - n. Suppose -12*y + 12 = -8*y. What is the greatest common divisor of y and x?
3
Let h be 14/(-3)*(-1341)/6. Calculate the highest common divisor of 7 and h.
7
Suppose -8*s = -3*s - 250. Suppose 3*k + s = 4*k. Suppose 5*q = -6 - 9, -3*n - 4*q + 363 = 0. Calculate the greatest common divisor of k and n.
25
Let c = 25 - 4. Let h = 332 + -143. What is the greatest common factor of h and c?
21
Suppose 3*r = 4*p + 36, 5*p - 2*p = 5*r - 60. What is the highest common factor of 108 and r?
12
Let v = 242 + -37. Calculate the greatest common divisor of 25 and v.
5
Let a(r) = -176*r + 3. Let n be a(2). Let y(b) = -31*b**3 + 3*b**2 - b - 1. Let o be y(2). Let g = o - n. What is the greatest common divisor of 22 and g?
22
Let v(k) = 25*k + 208. Let g be v(-4). Calculate the greatest common factor of 156 and g.
12
Suppose 2*x = -2*n + 143 - 5, -x = 4*n - 84. What is the highest common factor of 256 and x?
64
Let a be 552/((-168)/(-7)) - 2*(-1)/(-2). Suppose 2*j - 16 = -4*w, 0 = -3*w - w + j + 4. Calculate the highest common divisor of a and w.
2
Let h(x) = -1 - 3 - 24*x - 1. Let u be h(-4). Let f = u + -52. What is the greatest common factor of f and 26?
13
Let u(h) = h**2 - 22*h + 7. Let n be u(19). Let q = -37 - n. What is the highest common factor of 1 and q?
1
Suppose 0 = u + 2*u - 318. Suppose -3*p + q = -u, 6*q = 4*p + q - 145. What is the greatest common factor of p and 14?
7
Let j(h) = -15*h + 30. Let v be j(-7). Calculate the greatest common factor of v and 30.
15
Suppose -4*q + 0*q = -544. Let v(x) = -x**3 - 2*x**2 + 5*x + 5. Let c be v(-4). What is the highest common divisor of q and c?
17
Suppose -22 - 3 = -5*z. Suppose -z*u + 48 = -u. Let d = -2250 + 2254. Calculate the highest common divisor of d and u.
4
Let u(a) = 2*a**2 + 3*a - 9. Let l be 1/(-2) - 4*(-28)/(-32). Let z be u(l). Calculate the highest common divisor of 44 and z.
11
Let p(o) = 27*o**2 + 5*o - 5. Let q be p(3). Let r be 43/2 - 6/(-4). Calculate the greatest common factor of q and r.
23
Let x(o) = o + 5. Let g be x(7). Let v = g - -6. What is the highest common divisor of 45 and v?
9
Suppose 55*y - 24*y - 3348 = 0. Calculate the highest common divisor of y and 288.
36
Let d = 232 - 231. What is the greatest common divisor of d and 10?
1
Let w = 330 - 132. Calculate the highest common divisor of w and 132.
66
Suppose 2*t + 1 = -2*y + 49, -t - 2*y + 20 = 0. Calculate the greatest common factor of t and 203.
7
Let y = 2 - -17. Suppose 0 = -4*g + 12 + 8, -15 = -5*j - 3*g. Suppose j = 4*r - 167 + 15. What is the greatest common divisor of y and r?
19
Let g(s) = 17*s - 3*s + 1 - 9*s. Let l be g(-1). Let x be (-32)/l - (-1)/(-1). What is the greatest common factor of 1 and x?
1
Suppose -2*t + 44 = t + a, -2*a = 2. Suppose -3*v + 3 = -t. Calculate the highest common divisor of 30 and v.
6
Suppose -2*x = -2*i + i - 37, 122 = 7*x - 5*i. What is the highest common divisor of 903 and x?
21
Suppose -3*f = 6, -2*b + 0*f - 4*f = 10. Let w(m) = m**2 + 1. Let s be w(b). Let d(u) = 2*u + 4. Let g be d(s). What is the highest common divisor of 4 and g?
4
Let x be 9/(-27) - 140/(-15). Let z(v) = -28*v - 1. Let c be z(-1). Calculate the greatest common divisor of c and x.
9
Let o(n) = -2*n + 20. Suppose g + 3*j + 13 = j, 3*j = 2*g - 2. Let l be o(g). Calculate the greatest common factor of 210 and l.
30
Suppose 0 = 19*c - 13*c - 186. What is the greatest common divisor of 62 and c?
31
Let p be 96/15*20/8. What is the greatest common divisor of 